= o - -9. What is z(j)?
-3
Let d be (2/4)/(12/72). Suppose -5*a - 12 + 4 = v, -8 = -a + d*v. Let x(b) = 7*b**2 - b - 1. Calculate x(a).
7
Let g(u) = 2*u + 2. Let d(o) = -5*o - 7. Let m(p) = -3*d(p) - 8*g(p). What is m(8)?
-3
Let w(f) = -7*f + 7. Let s(p) = 6*p - 6. Let g(t) = -5*s(t) - 4*w(t). Let d(m) = 3 - 3*m + m**2 - 1 + 0. Let k(c) = 2*d(c) - 3*g(c). Calculate k(2).
6
Suppose 4*m = 4*k + 44, 4*m + 39 = -4*k + 3*m. Let h(v) = v + 6. What is h(k)?
-4
Let j(l) = -l**2 - 9 - 3 + 7*l + 5. Calculate j(5).
3
Suppose -5*o = -6 + 1. Suppose 2*b - 5*y - 6 = 0, b - 5*y - 3 = -y. Let p(x) = -b*x - 4*x + 6*x. Give p(o).
-1
Let g(q) = -7*q**3 - 9*q**2 - 3*q - 10. Let z(o) = -o**3 - o**2 - 1. Let t(x) = g(x) - 6*z(x). Let f be 2/7 + (-184)/56. What is t(f)?
5
Let s(j) = j**2 - j + 1. Let k(q) = -q**3 - 2*q**2 + 3*q - 6. Let r(t) = -k(t) - 6*s(t). Determine r(2).
-2
Suppose -12 = -0*d - 3*d. Let v be 0 + (-4)/d + -3. Let x(g) be the first derivative of -g**2/2 - 2*g + 1. What is x(v)?
2
Let i(c) = -10*c + 2. Let f be i(2). Let w = -20 - f. Let l(p) = 2*p**3 + 2*p**2 + 2*p + 3. Calculate l(w).
-9
Let d(f) = -3*f + 17. Let t(h) = 2*h - 16. Let l(z) = -3*d(z) - 4*t(z). Let n be l(-11). Let w(v) = -v**3 + 3*v**2 - 4*v + 2. What is w(n)?
-2
Let t(c) = -c**2 - c - 3. Let n(w) = w**2 + 2*w + 3. Let d = -1 + -4. Let q(k) = d*n(k) - 4*t(k). What is q(-4)?
5
Let o(d) = -d**3 - 8*d**2 - 8*d - 3. Let i be o(-7). Suppose -i*m = m. Let j(s) = -s - 7. Give j(m).
-7
Let k(a) = 9*a**3 + 2*a**2 + 5*a - 2. Let y(d) = 4*d**3 + d**2 + 3*d - 1. Let z(b) = 3*k(b) - 5*y(b). Determine z(-1).
-7
Let u = -2 + 5. Let z(o) = o**3 - o**2 - 4*o. Calculate z(u).
6
Let r(m) = -6*m**2 - m + 9. Let c(i) = 2*i**2 + 7*i + 8. Let u be c(-3). Let o(b) = b**2 - b. Let h(s) = u*o(s) + r(s). What is h(-7)?
2
Let b(y) = -5*y**2 + 12*y - 3. Let h(l) = 4*l**2 - 11*l + 2. Let z(r) = 5*b(r) + 6*h(r). Let x be z(-5). Let f(s) = 3*s**2 + 0*s - s + 2 - 3*s. Calculate f(x).
6
Let u(c) = -2*c - 9. Let n(o) = 8*o + 37. Let m(s) = 2*n(s) + 9*u(s). What is m(-7)?
7
Let y(t) be the third derivative of t**6/720 - t**5/120 - t**4/12 + t**2. Let p(x) be the second derivative of y(x). What is p(0)?
-1
Suppose 16 = -3*u - 5*a - 16, 0 = u - a. Let x(h) be the third derivative of -h**4/8 - 2*h**3/3 - 4*h**2. Determine x(u).
8
Let s(i) be the first derivative of i**2/2 - 2*i + 28. Determine s(-4).
-6
Suppose 0*f = 2*f + 3*w + 8, 2*f = 2*w + 12. Let v(i) = 5 + 0 - 7 + 7 - f*i. Determine v(4).
-3
Let l be (2/(-3))/((-2)/12). Let n(g) be the second derivative of 0 - g**2 - g + 5/12*g**4 - 1/3*g**3 - 1/20*g**5. What is n(l)?
6
Let o(w) = -w**2 + 4*w - 3. Let t(s) = -2*s**2 + 9*s - 7. Let a(x) = 15*o(x) - 6*t(x). Calculate a(4).
-27
Let p = -20 + 25. Let o(b) = 3*b + 3. Calculate o(p).
18
Let r(p) = p**3 - 5*p**2 + 5*p + 3. Let t(s) = 4*s**2 + 4*s + 2. Let h be t(-2). Suppose -h = 5*m - 30. What is r(m)?
7
Let z(c) = c - 1. Let f be z(-3). Let i(q) be the third derivative of -q**5/60 - q**4/8 + q**3/3 + 74*q**2. What is i(f)?
-2
Let y(f) be the first derivative of -5 - 3*f + 1/2*f**2. What is y(4)?
1
Let w be (-40)/(-10) - (1 - -10). Let h(v) = -v**3 - 7*v**2 + 2*v + 7. What is h(w)?
-7
Let t(g) be the third derivative of g**5/60 - g**4/6 + g**3/2 + 5*g**2. Let i = 7 - -2. Suppose 11 = 5*d - i. Determine t(d).
3
Let i(z) = -2*z - 7. Let v be i(-7). Let k = -2 + v. Let d(a) = -5 - 3*a + k. Calculate d(2).
-6
Let q(r) = r**3 - 6*r**2 + r + 2. Let k be q(6). Suppose -10*c - 6 = -k*c. Let x(t) = t + 3. Give x(c).
0
Let x(z) be the third derivative of -z**5/60 - z**4/24 + 17*z**2. Calculate x(3).
-12
Let j(h) = h**3 + 0 + 19*h - 10*h**2 + 2*h**2 - 9*h - 8. Give j(7).
13
Let b(a) be the first derivative of -4 - 3/4*a**4 + 0*a**3 + 0*a**2 + 0*a. Determine b(-1).
3
Let n(u) = 5*u**3 - u**2 - 2*u - 1. Let x(z) = 4*z - 5. Let p(m) = 7*m - 9. Let h(k) = 6*p(k) - 11*x(k). Let t be h(1). What is n(t)?
-5
Let x(u) = -u**2 + 7. Let f(r) = r + 1. Let k(y) = 2*f(y) - x(y). What is k(-4)?
3
Suppose -3*l = -l + 8. Let y be (-21)/l - 1/4. Let s(u) = -u**2 + 2*u + 5. What is s(y)?
-10
Let g(u) = -17*u**3 - u**2 + u + 1. Let v(h) = 2*h**2 + 10*h + 7. Let m be v(-4). Determine g(m).
16
Let s(a) = -2*a**2 - 3*a + 1. Let w(g) = -g**2 - 6*g - 3. Let v(i) = -i**2 - 5*i - 2. Let l(k) = 4*v(k) - 3*w(k). Let o(h) = 5*l(h) - 3*s(h). Calculate o(2).
4
Let c(o) = o. Let n(b) = -5*b + 1. Let u be n(1). Give c(u).
-4
Let s(x) = x**2 - 3*x + 4. Let h(q) be the third derivative of q**5/60 + q**4/12 - 5*q**3/6 + 6*q**2. Let f be (-21)/6 + (-2)/4. Let n be h(f). Give s(n).
4
Let c(l) = -3*l**2 - 3*l + 1. Let q(f) = f**2 + f. Let m(w) = 2*c(w) + 5*q(w). Give m(0).
2
Suppose -2*j - y + 5 = 0, -3*j - 2*y + 3 = -4. Let k(q) = -2*q**3 - q**2 - q - 4. Let c(x) = -3*x**3 - 3*x**2 - x - 7. Let u(g) = 3*c(g) - 5*k(g). Give u(j).
-4
Let k = 7 - 2. Let q(d) be the third derivative of d**5/60 - d**4/12 - 2*d**3/3 - 18*d**2. What is q(k)?
11
Let w(t) = -t**3 - 4*t**2 - 3*t + 4. Let n be w(-3). Let s(b) = b**2 - 4*b - 3. What is s(n)?
-3
Let n(q) = q - 6. Suppose -2*s + 4*x = -30, 3 = 5*s + 4*x - 2. Give n(s).
-1
Suppose 2*n - 2 = -6. Let x(h) be the first derivative of -h**2 - 3*h - 3. Give x(n).
1
Let w = 5 - 3. Suppose 6 - 2 = w*f, -2*p = -2*f - 4. Let o(j) = 3*j + 0*j - 2*j. Give o(p).
4
Let o be (-27)/(-7) + (-8)/(-56). Let f(k) = k**3 - 6*k**2 + 7*k - 5. What is f(o)?
-9
Let j(f) be the third derivative of f**5/60 + f**4/24 + f**3/6 - 37*f**2. What is j(-1)?
1
Let g(y) be the second derivative of 0*y**3 + 3*y + 0 + 1/2*y**2 + 1/3*y**4. Give g(1).
5
Let c(w) = -3*w**2 + 6*w - 7. Let n(o) be the first derivative of -3*o**3 + 17*o**2/2 - 20*o + 2. Let g(m) = -17*c(m) + 6*n(m). Calculate g(1).
-4
Let n be ((-24)/(-28))/(2/14). Let h be 4*(0 + 3/n). Let s(v) = h*v**2 - 1 + 2 + 2 + 4*v + 0*v. What is s(-2)?
3
Let d(y) = y + 3. Let m be d(-4). Let w = 7 + m. Let k(p) = -3*p**2 + 7*p - 2*p**2 + 6*p**2 + w + 0*p**2. Give k(-4).
-6
Let o(w) = 6*w**3 - 2*w - 1. Let z be 4/3 + 6/9. Let k be 17 + -17 - z/2. Calculate o(k).
-5
Suppose -9*g + 4*g = 0. Let k(r) = -r**3 + r**2 + r + 3. What is k(g)?
3
Suppose 5*j = q + 35, 2*q + 10 = 5*j - 30. Suppose 3 = 3*h - j*h. Let l(p) = 0*p - 9*p + 2*p + 1. Give l(h).
8
Suppose 0 = -n - 4*n + 25. Let v(w) = w + 3 + 3*w**2 - n*w**3 + 4*w**3 - 3. Calculate v(3).
3
Let x(t) = -5*t**2 - 6*t - 7. Let u(n) = 10*n**2 + 11*n + 13. Let w(s) = -6*s**3 - s**2 + 1. Let o be w(-1). Let y(r) = o*u(r) + 11*x(r). Determine y(-1).
6
Let g(s) be the first derivative of -s**2/2 + 2*s + 1. Let c(i) = i**2 - 8*i + 17. Let h be c(6). Determine g(h).
-3
Let a(x) = -25*x**2 - 2*x - 3. Let g(q) = 75*q**2 + 5*q + 8. Let u(i) = -8*a(i) - 3*g(i). Give u(1).
-24
Let g(i) = -2*i. Let y(q) = q + 1. Let p(l) = g(l) + 3*y(l). Let r be p(-3). Let f be 4 - (-1 - (r + -3)). Let c(t) = 2*t**3 - 3*t**2 + 1. Determine c(f).
5
Let x(j) = -j - 10. Let a(t) = -t - 11. Let m(p) = -6*a(p) + 7*x(p). Let d(v) = 0 - v**3 - 4 - 1 - 6*v**2. Let f be d(-6). Calculate m(f).
1
Let v(y) be the second derivative of 11*y**3/3 + y**2/2 - 2*y - 25. Calculate v(1).
23
Let h(s) = -s**2 + 3*s. Let u(q) = 5 + 3*q + 4 - 4*q. Let y be u(4). Give h(y).
-10
Let a(r) = -2*r - 1 - 3*r + 4*r - 4*r. Calculate a(3).
-16
Let b(o) = 3*o - 3. Let f(y) = -y**3 + 1 + 0*y**3 - 6*y**2 - 3 + 3. Let r be f(-6). Let c = 4 - r. What is b(c)?
6
Let r(q) be the third derivative of q**6/120 + q**5/15 + q**4/8 - q**3/3 + 7*q**2. Calculate r(-3).
-2
Let t(q) = -3*q**2 - q - 1. Let b be t(-1). Let w(s) = -s + 1. What is w(b)?
4
Let u(m) = m**3 + 3*m**2 - 4*m - 1. Let x = -57 - -53. Determine u(x).
-1
Let r be 32/12 - (-2)/6. Suppose -5*a = -13 - 22. Let y(p) = -6*p + a*p + 1 - 2. Give y(r).
2
Let n(b) = 3*b + 3. Suppose -2*t + 11 = 1. Suppose 3*s + 40 = t*z, -2*z + z + 5*s + 8 = 0. Suppose 14 = -4*u - 3*y - z, y + 2 = 0. Determine n(u).
-9
Let n(w) = w**2 + 1. Let i(j) = j - 3. Let t be i(2). Let c be (t*2)/((-3)/(-3)). Give n(c).
5
Let u(j) = -j + 2. Let c(r) = 1. Let n(b) = -4*c(b) + u(b). Let q(w) = -2*w - 6. Let d be (-8)/3*3/2. Let i be q(d). Calculate n(i).
-4
Let w be 3 + -1 - (-24 - 2). Suppose 0*m + w = 4*m - 2*s, -24 = -4*m + s. Let z(k) = k + 0*k + 0*k - m. Calculate z(5).
0
Let y(s) = s + 7. Suppose -5*a - t = 26